l). Let i be (-2)/10 - (-78)/15. Give y(i).
-11
Let v(a) = a**3 - 7*a**2 + 8*a + 4. Let j(k) = k + 6. Let h be j(-2). Suppose f = -h*p + 6*f + 19, -2*p + 17 = 5*f. Calculate v(p).
16
Suppose -o = 3*o + 5*r - 5, -2 = 5*o - 2*r. Suppose -15 + o = -5*g. Let h(c) = 3*c + 0*c - 2 + g*c - 4*c. Give h(-2).
-6
Suppose 2*l + 29 = 3*s + 3, -4*s - l + 20 = 0. Let d(r) = -3*r - 12 + 10 + 2*r + 8. Give d(s).
0
Let q(f) = -6*f - 3. Let a(k) = 7*k + 3. Let o(i) = 5*a(i) + 6*q(i). Give o(-4).
1
Let j(v) = -2*v - 5. Suppose 4*z = 3*h + 12, -z + 15 + 5 = -5*h. Let q(b) = -1 + b**3 + 1 - 5 - b. Let p be q(z). Give j(p).
5
Let h(m) be the second derivative of 0*m**2 - 2*m + 0 + 1/3*m**3. Give h(-3).
-6
Suppose 18 + 2 = 5*p. Suppose -p = -i - 2. Let c(t) = 6*t - 2*t**i + 5*t**2 - 2*t**2 + 5. Determine c(-5).
0
Let c(n) = -n**2 - 9*n. Suppose 2*s - 4*s - 14 = 0. Determine c(s).
14
Let q(y) = y + 4. Let s be (-1)/(-4) - (-86)/8. Let j = s + -15. Determine q(j).
0
Let k(u) = -5*u + 3*u - 2 + 0. Suppose -2 = -5*a + 3*a, -3*i = 5*a + 1. What is k(i)?
2
Let b(f) = -2*f**3 - 2*f**2 - 6*f - 2. Let d(o) = 3*o**3 + 3*o**2 + 11*o + 4. Let k(a) = -5*b(a) - 3*d(a). Calculate k(-2).
0
Let d(j) be the first derivative of j**2/2 + 2*j - 17. Determine d(6).
8
Suppose a = 5*u + 34, u - 18 = -5*a - 4. Let m(p) = p**2 + 7*p - 2. Determine m(u).
-8
Let x(n) = -2*n + 1. Let t be (-17)/(-5) + 8/(-20). Let y be 3/t*(-2)/2. Give x(y).
3
Let k = 32 + -32. Let j(g) be the second derivative of 1/6*g**4 - g - 2/3*g**3 + g**2 + k. Give j(3).
8
Let f be (3 - 2) + 1 - 4. Suppose 4 = s + 2*h, 2*h = 5*s - 2*s + 4. Let g be -2 + s + (-2 - f). Let v(z) = 2*z**2 - z - 2. Determine v(g).
8
Let u(c) be the second derivative of c**3/6 + 3*c**2/2 - 19*c. Suppose 4 = -2*x, -5*x - 15 = d - 6*d. Let m(w) = -5*w**3 + 2*w**2 - w. Let s be m(d). Give u(s).
-1
Let s(x) = 8*x**2 - 1. Let l(q) = q**2 + 5*q + 4. Let u be l(-4). Suppose u = 3*n - m - 9 - 3, -n - 5*m + 20 = 0. Let k = 4 - n. What is s(k)?
7
Let m = -4 + 6. Let r(q) = -7*q + 2*q - 4*q**2 + 6*q**2 + m. Calculate r(3).
5
Let p(h) = -h**2 - 2*h + 5. Suppose -3*t - 23 = -w + t, -4*w - t + 41 = 0. Let a = w + -6. Suppose -a*r + 4*m + 0*m = 0, -5 = m. Calculate p(r).
-3
Let f(q) = -3*q + 3*q + 5*q + q**2. Suppose x = c - 2, -3*x - 1 = 5*c - 11. Let k(j) = -2*j. Let z be k(c). What is f(z)?
-4
Let a(q) = q**3 + q**2. Let m(z) = -11*z**3 - 7*z**2 - z - 1. Let t(u) = -6*a(u) - m(u). Give t(-1).
-4
Let a = 3 - 0. Let u(v) = -101*v + 101*v - a - 2*v**2 + v**2. Let w(x) = x**3 - x**2 - x - 2. Let k be w(2). What is u(k)?
-3
Let y(n) be the second derivative of n**3/6 - n**2/2 + 5*n. Let j(d) = 2*d - 1. Let b(r) = -j(r) + y(r). Give b(-6).
6
Let r(c) = 2*c**2 + 5*c - 5. Suppose b = 2*b + 5. What is r(b)?
20
Suppose -2*y = 2*r + 14, 3*y = -2*r + r - 13. Let o be 3 + r + 2/(-1). Let n(t) = -t + 1. What is n(o)?
4
Let j(f) = f - 6. Let y be ((-20)/(-8))/(2/(-4)). Calculate j(y).
-11
Let r(p) = p**2 + p + 1. Let v(k) = -k**3 + k**2 + k + 4. Let s(b) = 4*r(b) + v(b). Give s(6).
2
Suppose -8*m + 11*m - 12 = 0. Let g(v) = v**3 + 4*v + 5 - 3*v - 4*v**2 - 2*v. Calculate g(m).
1
Let d(y) = 2*y + 4. Let f(x) = 0 - x**2 - 4 - x + 0. Let k be f(0). What is d(k)?
-4
Let l(f) be the third derivative of 4*f**2 + 0*f + 0*f**3 - 1/15*f**5 - 1/24*f**4 + 0. Give l(1).
-5
Let c(b) = 5*b**2 + b**3 + 12*b - b - 7*b - 5. Determine c(-4).
-5
Suppose -5 = -2*w + 15. Let k(y) = -y + 3. Determine k(w).
-7
Let o(i) = -i**3 + 31*i - 11 + 6 - 26*i - 6*i**2. Calculate o(-7).
9
Let w be ((-2)/(-4))/((-4)/(-8)). Let a(r) = 17*r - 1. Give a(w).
16
Let a(o) = o**3 + 3*o**2 - o + 3. Let l(p) = -11*p**2 - 2*p - 1. Let w be l(-1). Let h = -14 - w. Determine a(h).
-9
Let q be ((-2)/6)/((-1)/18). Let v(p) = p - 5. Calculate v(q).
1
Let m = -2 + 8. Let y be 28/12 + (-2)/m. Let d(v) = y*v + 2 - 2. Determine d(-3).
-6
Suppose 0 = -2*c - 0 - 6. Let d be 3 + 3 + -4 - 2. Let k(g) = -g**2 - g + d + 1 + 3. Determine k(c).
-2
Let p(s) be the first derivative of -s**4/4 + 3*s**3 - s**2/2 + 11*s - 22. What is p(9)?
2
Let b be 18/6 - 1/1. Let r(q) = -q**b + 2*q - 2*q - 2*q - 3*q + 5. Give r(-5).
5
Let i(a) = 5*a**3 + 1. Suppose -2*u + 3*u + 5*w - 16 = 0, 4*u - 4*w = -8. Calculate i(u).
6
Let s(w) be the third derivative of w**5/60 + 5*w**4/24 + 3*w**2. Let l = 3 + 1. Let j(x) = -x**2 + 3*x. Let i be j(l). Determine s(i).
-4
Let v be 18/(-5) + 6/(-15). Let w = v + 8. Let x(a) = -a**2 + a + 1. Determine x(w).
-11
Let j(r) = r. Let f(h) = 2*h**2 + 37*h - 23. Let m be f(-19). Give j(m).
-4
Suppose 3*o + 5*l + 6 = 0, 2*o + l + 0 - 3 = 0. Let q(y) = o*y**2 - 2*y + y**3 + 0*y**2 + 0*y**2. Calculate q(-3).
6
Let c(p) be the second derivative of p**3/6 + p**2 - 7*p. Give c(2).
4
Suppose -r - 8 = -3. Let s(n) = -n - 17. Let f(w) = -2*w - 35. Let b(z) = z**3 + 3*z**2 - 6*z - 2. Let q be b(-4). Let d(k) = q*f(k) - 13*s(k). Calculate d(r).
6
Let t = 88 - 80. Let h(o) = o - 10. Give h(t).
-2
Let p(z) be the second derivative of -z**5/20 - 5*z**4/6 - 4*z**3/3 + 5*z**2 + 2*z - 26. What is p(-9)?
1
Let q = -17 + 19. Let n(m) = 5*m - 4 - 3*m**2 + 4*m**2 - 2*m**q + 2*m**2. Let x be -1*(1 - 1 - -5). Give n(x).
-4
Let x(b) = 0*b**2 + 5*b - 15 - b**2 + 9 + 0*b**2. Determine x(5).
-6
Let g = -33 - -32. Let d(m) = 8*m**2 - 4*m + 3*m - 1 - 3*m**2. Calculate d(g).
5
Let h(v) = -1 - 4*v**2 + 48*v + v**3 + 6*v**2 - 49*v. Let b be 9/(-4) + (-3)/(-12). Give h(b).
1
Let r(x) = 5*x**3 - x**2 - 5*x + 4. Let q(d) = 14*d**3 - 3*d**2 - 14*d + 13. Let w(t) = -6*q(t) + 17*r(t). Determine w(0).
-10
Let n(r) = r**3 + 6*r**2 - 2*r - 8. Let o be n(-6). Let b(a) = -2*a - 2. Let s(f) = 4*f + 5. Suppose -u + 9 = -2*u. Let g(v) = u*b(v) - 4*s(v). Determine g(o).
6
Let o(d) be the third derivative of 0 + 1/24*d**4 - 5/3*d**3 + 0*d - 3*d**2. Let p = -12 + 12. Determine o(p).
-10
Let t(x) = -4*x + 6. Let s(z) = -z + 1. Let d(g) = 5*s(g) - t(g). Suppose 0 = 3*v - 8 - 4. Give d(v).
-5
Suppose 0 = d + k - 6, 5*k - k = 16. Suppose -32 = -2*o - 2*q - 8, -24 = -5*o + 4*q. Suppose -o = -d*l + 2. Let y(n) = -n**3 + 4*n**2 + 5*n - 4. Determine y(l).
-4
Let b(g) = -5*g - 9. Let l(z) = z + 2. Let y(f) = -2*b(f) - 11*l(f). Suppose -4*c + 6 = 30. Determine y(c).
2
Let q be -2 - ((-4 - 0) + -4). Let r(k) = -k**2 + 7*k - 9. What is r(q)?
-3
Let v be (-12 - -7)/(-3 - -2). Let j(y) = y - 3. Give j(v).
2
Suppose -4 = 5*j - 14. Let s(x) = -x - 2*x**2 - 2 - j + 6 + 2*x**3 - 2*x. Let w be (1 + 0)/(-1)*-2. Calculate s(w).
4
Let h(j) = -4*j - 4. Let n(v) = -v - 1. Let x(r) = 2*h(r) - 9*n(r). Determine x(-2).
-1
Let t(q) = 2*q + 6. Let g(f) = -2*f + 10. Let m be g(7). What is t(m)?
-2
Let l(t) = -35*t - 2 + 2*t**2 + 0*t**3 + 0 + t**3 + 29*t. Calculate l(-4).
-10
Let w(h) = -h**3 - 3*h**2 + 4*h - 2. Let c be w(-4). Let g(j) = 2*j**3 + 3*j**2 + 2*j + 2. What is g(c)?
-6
Let n(u) = -7*u**3 - 7*u**2 - 3*u + 5. Let d(c) = -3*c**3 - 3*c**2 - c + 2. Let t(i) = -5*d(i) + 2*n(i). Calculate t(0).
0
Let g(u) be the second derivative of u**2 + 0 + 1/2*u**3 - 1/20*u**5 - 1/4*u**4 + 2*u. Suppose -3*t - 20 = 2*t. Give g(t).
6
Let x(g) be the first derivative of -g**2 - g + 21. Calculate x(-4).
7
Let c(h) = -h**3 + 8*h**2 - 7. Let l = 52 + -44. What is c(l)?
-7
Let z(s) be the first derivative of -2*s**3/3 + s**2/2 - s + 7. What is z(1)?
-2
Let d(l) be the third derivative of l**5/60 + l**4/6 - l**3/3 + 23*l**2. What is d(-4)?
-2
Suppose 2 = 5*t - 8, 3*f + 2 = 4*t. Let x be (-15)/(1 - (-25)/(-10)). Let d(q) = -3*q**3 + 8*q + 3 - x*q + 2*q**3 + q**2. Calculate d(f).
-5
Let j = 14 - 17. Let h(a) = -a**3 - a**2 + 3*a - 4. What is h(j)?
5
Let o = 7 - 2. Let m(u) = -2*u + 1 - 3*u - 2*u + o*u. Determine m(-2).
5
Let i(x) be the first derivative of x + 20*x**2 - 2 - 10*x**2 - 8*x - 9*x**2. Determine i(-5).
-17
Let t(y) be the third derivative of -y**6/120 - y**4/24 - y**3/3 - y**2. Let z be 3/(-2)*(-100)/30. Suppose z = -o + 3. What is t(o)?
8
Let y(c) be the third derivative of -c**4/24 + c**3/3 - c**2. Let u be y(3). Let t be ((-4)/(-3))/(u/(-3)). Let n(f) = f - 2. What is n(t)?
2
Let o(l) = -2*l**2 + 4*l**2 + 4*l + 1 + l**3 + 4*l**2. Suppose -2*u + 2 + 6 = 0. Suppose -2*v + 2 = -0*v, c + 1 = -u*v. Calculate o(c).
6
Let w(b) be the second derivative of -7*b**5/20 + b**4/12 - b**3/6 + b**2/2 + 47*b. Giv